{"id":253,"date":"2024-03-15T17:20:14","date_gmt":"2024-03-15T16:20:14","guid":{"rendered":"http:\/\/192.168.64.105\/GitHub\/vinoteka-sodcek\/trgovina\/uncategorized\/kristancic-pavo-rdece\/"},"modified":"2025-07-09T08:13:13","modified_gmt":"2025-07-09T07:13:13","slug":"kristancic-pavo-rdece","status":"publish","type":"product","link":"https:\/\/vinoteka-sodcek.si\/en\/shop\/wines\/red-wines\/kristancic-pavo-rdece\/","title":{"rendered":"Pavo red"},"content":{"rendered":"<p>All wines of the lines of Pavo ferment and ripen in wooden containers. Pavo red matures for 24 months in combination of new and already used Barrique barrels.<\/p>\n<p>The wine is dark ruby \u200b\u200bin color with purple shades. The distinct fruit scent of black currants and berries is intertwined with the smell of chocolate and pepper. In the background, we also feel the smell of noble oak in which the wine matured. It is dry, bold, intense but not hot and robust in the mouth. It has plenty of structure and taste.<\/p>\n<p>Pav\u00f3 red is a big wine, with a long fruit aftertaste and a long life.<\/p>\n","protected":false},"excerpt":{"rendered":"<p>All wines of the lines of Pavo ferment and ripen in wooden containers. Pavo red matures for 24 months in combination of new and already used Barrique barrels. The wine is&#8230;<\/p>\n","protected":false},"featured_media":252,"template":"","meta":[],"product_cat":[20],"product_tag":[],"acf":[],"yoast_head":"<!-- This site is optimized with the Yoast SEO plugin v22.2 - https:\/\/yoast.com\/wordpress\/plugins\/seo\/ -->\n<title>Pavo red | Vinoteka Sod\u010dek<\/title>\n<meta name=\"description\" content=\"Pavo rde\u010de Kristan\u010di\u010d is dark ruby with purple tints. The scent of blackcurrants and berries is intertwined with chocolate and pepper.\" \/>\n<meta name=\"robots\" content=\"index, follow, max-snippet:-1, max-image-preview:large, max-video-preview:-1\" \/>\n<meta property=\"og:locale\" content=\"en_US\" \/>\n<meta property=\"og:type\" content=\"article\" \/>\n<meta property=\"og:title\" content=\"Pavo red\" \/>\n<meta property=\"og:description\" content=\"Pavo rde\u010de Kristan\u010di\u010d is dark ruby with purple tints. The scent of blackcurrants and berries is intertwined with chocolate and pepper.\" \/>\n<meta property=\"og:url\" content=\"https:\/\/vinoteka-sodcek.si\/en\/shop\/wines\/red-wines\/kristancic-pavo-rdece\/\" \/>\n<meta property=\"og:site_name\" content=\"Vinoteka Sod\u010dek\" \/>\n<meta property=\"article:publisher\" content=\"https:\/\/www.facebook.com\/vinotekasodcek\/\" \/>\n<meta property=\"article:modified_time\" content=\"2025-07-09T07:13:13+00:00\" \/>\n<meta property=\"og:image\" content=\"https:\/\/vinoteka-sodcek.si\/wp-content\/uploads\/Pavo_rdece-570x1026-1.jpg\" \/>\n\t<meta property=\"og:image:width\" content=\"304\" \/>\n\t<meta property=\"og:image:height\" content=\"1268\" \/>\n\t<meta property=\"og:image:type\" content=\"image\/jpeg\" \/>\n<meta name=\"twitter:card\" content=\"summary_large_image\" \/>\n<!-- \/ Yoast SEO plugin. -->","yoast_head_json":{"title":"Pavo red | Vinoteka Sod\u010dek","description":"[:sl]Pavo rde\u010de Kristan\u010di\u010d je temno rubinaste barve z vijoli\u010dnimi odtenki. Vonj po \u010drnem ribezu in jagodi\u010devju, se prepleta z vonjem po \u010dokoladi in popru.[:en]Pavo rde\u010de Kristan\u010di\u010d is dark ruby with purple tints. The scent of blackcurrants and berries is intertwined with chocolate and pepper.[:]","robots":{"index":"index","follow":"follow","max-snippet":"max-snippet:-1","max-image-preview":"max-image-preview:large","max-video-preview":"max-video-preview:-1"},"og_locale":"en_US","og_type":"article","og_title":"[:sl]Pavo rde\u010de[:en]Pavo red[:] | Vinoteka Sod\u010dek","og_description":"[:sl]Pavo rde\u010de Kristan\u010di\u010d je temno rubinaste barve z vijoli\u010dnimi odtenki. Vonj po \u010drnem ribezu in jagodi\u010devju, se prepleta z vonjem po \u010dokoladi in popru.[:en]Pavo rde\u010de Kristan\u010di\u010d is dark ruby with purple tints. The scent of blackcurrants and berries is intertwined with chocolate and pepper.[:]","og_url":"https:\/\/vinoteka-sodcek.si\/en\/shop\/wines\/red-wines\/kristancic-pavo-rdece\/","og_site_name":"Vinoteka Sod\u010dek","article_publisher":"https:\/\/www.facebook.com\/vinotekasodcek\/","article_modified_time":"2025-07-09T07:13:13+00:00","og_image":[{"width":304,"height":1268,"url":"https:\/\/vinoteka-sodcek.si\/wp-content\/uploads\/Pavo_rdece-570x1026-1.jpg","type":"image\/jpeg"}],"twitter_card":"summary_large_image","schema":{"@context":"https:\/\/schema.org","@graph":[{"@type":"WebPage","@id":"https:\/\/vinoteka-sodcek.si\/en\/shop\/wines\/red-wines\/kristancic-pavo-rdece\/","url":"https:\/\/vinoteka-sodcek.si\/en\/shop\/wines\/red-wines\/kristancic-pavo-rdece\/","name":"[:sl]Pavo rde\u010de[:en]Pavo red[:] | Vinoteka Sod\u010dek","isPartOf":{"@id":"https:\/\/vinoteka-sodcek.si\/#website"},"primaryImageOfPage":{"@id":"https:\/\/vinoteka-sodcek.si\/en\/shop\/wines\/red-wines\/kristancic-pavo-rdece\/#primaryimage"},"image":{"@id":"https:\/\/vinoteka-sodcek.si\/en\/shop\/wines\/red-wines\/kristancic-pavo-rdece\/#primaryimage"},"thumbnailUrl":"https:\/\/vinoteka-sodcek.si\/wp-content\/uploads\/Pavo_rdece-570x1026-1.jpg","datePublished":"2024-03-15T16:20:14+00:00","dateModified":"2025-07-09T07:13:13+00:00","description":"[:sl]Pavo rde\u010de Kristan\u010di\u010d je temno rubinaste barve z vijoli\u010dnimi odtenki. Vonj po \u010drnem ribezu in jagodi\u010devju, se prepleta z vonjem po \u010dokoladi in popru.[:en]Pavo rde\u010de Kristan\u010di\u010d is dark ruby with purple tints. The scent of blackcurrants and berries is intertwined with chocolate and pepper.[:]","breadcrumb":{"@id":"https:\/\/vinoteka-sodcek.si\/en\/shop\/wines\/red-wines\/kristancic-pavo-rdece\/#breadcrumb"},"inLanguage":"en-US","potentialAction":[{"@type":"ReadAction","target":["https:\/\/vinoteka-sodcek.si\/en\/shop\/wines\/red-wines\/kristancic-pavo-rdece\/"]}]},{"@type":"ImageObject","inLanguage":"en-US","@id":"https:\/\/vinoteka-sodcek.si\/en\/shop\/wines\/red-wines\/kristancic-pavo-rdece\/#primaryimage","url":"https:\/\/vinoteka-sodcek.si\/wp-content\/uploads\/Pavo_rdece-570x1026-1.jpg","contentUrl":"https:\/\/vinoteka-sodcek.si\/wp-content\/uploads\/Pavo_rdece-570x1026-1.jpg","width":304,"height":1268},{"@type":"BreadcrumbList","@id":"https:\/\/vinoteka-sodcek.si\/en\/shop\/wines\/red-wines\/kristancic-pavo-rdece\/#breadcrumb","itemListElement":[{"@type":"ListItem","position":1,"name":"Home","item":"https:\/\/vinoteka-sodcek.si\/en\/"},{"@type":"ListItem","position":2,"name":"Trgovina","item":"https:\/\/vinoteka-sodcek.si\/trgovina\/"},{"@type":"ListItem","position":3,"name":"Pavo red"}]},{"@type":"WebSite","@id":"https:\/\/vinoteka-sodcek.si\/#website","url":"https:\/\/vinoteka-sodcek.si\/","name":"Vinoteka Sod\u010dek","description":"Vinoteka z vrhunskimi vini","publisher":{"@id":"https:\/\/vinoteka-sodcek.si\/#organization"},"potentialAction":[{"@type":"SearchAction","target":{"@type":"EntryPoint","urlTemplate":"https:\/\/vinoteka-sodcek.si\/?s={search_term_string}"},"query-input":"required name=search_term_string"}],"inLanguage":"en-US"},{"@type":"Organization","@id":"https:\/\/vinoteka-sodcek.si\/#organization","name":"Vinoteka Sod\u010dek, Ale\u0161 \u010ceba\u0161ek s.p.","url":"https:\/\/vinoteka-sodcek.si\/","logo":{"@type":"ImageObject","inLanguage":"en-US","@id":"https:\/\/vinoteka-sodcek.si\/#\/schema\/logo\/image\/","url":"https:\/\/beta.vinoteka-sodcek.si\/wp-content\/uploads\/vinoteka-sodcek-logo.png","contentUrl":"https:\/\/beta.vinoteka-sodcek.si\/wp-content\/uploads\/vinoteka-sodcek-logo.png","width":300,"height":90,"caption":"Vinoteka Sod\u010dek, Ale\u0161 \u010ceba\u0161ek s.p."},"image":{"@id":"https:\/\/vinoteka-sodcek.si\/#\/schema\/logo\/image\/"},"sameAs":["https:\/\/www.facebook.com\/vinotekasodcek\/"]}]}},"_links":{"self":[{"href":"https:\/\/vinoteka-sodcek.si\/en\/wp-json\/\/wp\/v2\/product\/253"}],"collection":[{"href":"https:\/\/vinoteka-sodcek.si\/en\/wp-json\/\/wp\/v2\/product"}],"about":[{"href":"https:\/\/vinoteka-sodcek.si\/en\/wp-json\/\/wp\/v2\/types\/product"}],"wp:featuredmedia":[{"embeddable":true,"href":"https:\/\/vinoteka-sodcek.si\/en\/wp-json\/\/wp\/v2\/media\/252"}],"wp:attachment":[{"href":"https:\/\/vinoteka-sodcek.si\/en\/wp-json\/\/wp\/v2\/media?parent=253"}],"wp:term":[{"taxonomy":"product_cat","embeddable":true,"href":"https:\/\/vinoteka-sodcek.si\/en\/wp-json\/\/wp\/v2\/product_cat?post=253"},{"taxonomy":"product_tag","embeddable":true,"href":"https:\/\/vinoteka-sodcek.si\/en\/wp-json\/\/wp\/v2\/product_tag?post=253"}],"curies":[{"name":"wp","href":"https:\/\/api.w.org\/{rel}","templated":true}]}}

<p>All wines of the lines of Pavo ferment and ripen in wooden containers. Pavo red matures for 24 months in combination of new and already used Barrique barrels.</p>
<p>The wine is dark ruby ​​in color with purple shades. The distinct fruit scent of black currants and berries is intertwined with the smell of chocolate and pepper. In the background, we also feel the smell of noble oak in which the wine matured. It is dry, bold, intense but not hot and robust in the mouth. It has plenty of structure and taste.</p>
<p>Pavó red is a big wine, with a long fruit aftertaste and a long life.</p>

<!-- This site is optimized with the Yoast SEO plugin v22.2 - https://yoast.com/wordpress/plugins/seo/ -->
<title>Pavo red | Vinoteka Sodček</title>
<meta name="description" content="Pavo rdeče Kristančič is dark ruby with purple tints. The scent of blackcurrants and berries is intertwined with chocolate and pepper." />
<meta name="robots" content="index, follow, max-snippet:-1, max-image-preview:large, max-video-preview:-1" />
<meta property="og:locale" content="en_US" />
<meta property="og:type" content="article" />
<meta property="og:title" content="Pavo red" />
<meta property="og:description" content="Pavo rdeče Kristančič is dark ruby with purple tints. The scent of blackcurrants and berries is intertwined with chocolate and pepper." />
<meta property="og:url" content="https://vinoteka-sodcek.si/en/shop/wines/red-wines/kristancic-pavo-rdece/" />
<meta property="og:site_name" content="Vinoteka Sodček" />
<meta property="article:publisher" content="https://www.facebook.com/vinotekasodcek/" />
<meta property="article:modified_time" content="2025-07-09T07:13:13+00:00" />
<meta property="og:image" content="https://vinoteka-sodcek.si/wp-content/uploads/Pavo_rdece-570x1026-1.jpg" />
	<meta property="og:image:width" content="304" />
	<meta property="og:image:height" content="1268" />
	<meta property="og:image:type" content="image/jpeg" />
<meta name="twitter:card" content="summary_large_image" />
<!-- / Yoast SEO plugin. -->

Pavo red | Vinoteka Sodček

[:sl]Pavo rdeče Kristančič je temno rubinaste barve z vijoličnimi odtenki. Vonj po črnem ribezu in jagodičevju, se prepleta z vonjem po čokoladi in popru.[:en]Pavo rdeče Kristančič is dark ruby with purple tints. The scent of blackcurrants and berries is intertwined with chocolate and pepper.[:]

[:sl]Pavo rdeče[:en]Pavo red[:] | Vinoteka Sodček

Vinoteka Sodček

Vinoteka Sodček, Aleš Čebašek s.p.
